0) + -2?
2
Let n(s) = 5*s - 10. What are the prime factors of n(8)?
2, 3, 5
Let g be 67/(-13) + (-14)/(-91). Let r(l) = -7*l - 1. What are the prime factors of r(g)?
2, 17
Let n(v) = 2*v**2 + 2*v + 4. What are the prime factors of n(-7)?
2, 11
Let d(f) = -f. Let r be d(-9). Suppose -2*n - 52 = -6*n - 4*i, -n + i = -r. What are the prime factors of n?
11
Suppose -2*t = -t. Suppose t = g - 4 + 1. Suppose -3*a - s = -a - 3, -3*a - 4*s = g. List the prime factors of a.
3
Let k be (-4)/22 + 13/11. Suppose -2*c - k = 9, -2*d = -4*c - 42. List the prime factors of d.
11
List the prime factors of 4144/40 - 3/5.
103
Suppose 0 = -b + 3, 24 = -5*l + 2*b - 4*b. Let k = 29 + l. What are the prime factors of k?
23
Suppose 3*o = f - 2*o + 5, -2*o = 2*f - 2. Let w(c) = 5 - c - 2 + 9. What are the prime factors of w(f)?
2, 3
Let h(u) = -u**3 + 4*u**2 + 4*u + 4. Let s be h(5). Let v = s + 12. What are the prime factors of v?
11
Let d = 6 + -4. Let s be (d - (1 - -1))/(-2). Let n(b) = b**3 + b + 2. List the prime factors of n(s).
2
Suppose 10*o - 5*o = 0. Suppose 0 = 2*g - 6*g - 2*s + 50, o = -4*g + s + 35. List the prime factors of g.
2, 5
Let o(t) = -4*t**2 - 1. Let h be o(1). Let y(i) = -4 + 1 + 0 - i. List the prime factors of y(h).
2
Suppose 77 = -4*c - 187. Let h = 109 + c. List the prime factors of h.
43
Let q be -447*((-10)/6)/(-5). Let r be q/(-7) + (-10)/35. Let l = r + -11. List the prime factors of l.
2, 5
Suppose 2*t + 3 = 3*t. Suppose 2*s - 10 = -a, t*s - 13 = 2*a + 2. List the prime factors of s.
5
Let r(b) = 4*b**2 - 1. Let h = -1 - -3. Suppose -h*m + 7 = 3. What are the prime factors of r(m)?
3, 5
Suppose -4*z = 4*o - 325 - 227, 3*z - 424 = 2*o. What are the prime factors of z?
2, 5, 7
Let x = -4 + 13. Suppose 5*r - 4*j + 14 = -5*j, -4*r + 2*j = 14. What are the prime factors of 18 + x/r - -2?
17
Suppose o + 0*o - 4*x + 17 = 0, -2*x - 2 = -4*o. Let y(f) = f**2 - 3*f + 3. Let z be y(o). Suppose 5*b + 2*p = -p, -2*b - z*p = 9. List the prime factors of b.
3
Let x(h) = -h**3 + 5*h**2 - 2*h - 3. Suppose 0 = -2*g + 7*g - 20. What are the prime factors of x(g)?
5
Let c = -4 + 4. Suppose 2*x + 3*x - 3*n + 29 = 0, c = 4*n - 12. List the prime factors of 9/12 + (-25)/x.
7
Let f(v) be the second derivative of v**4/12 + v**3/3 - 2*v**2 + v. What are the prime factors of f(3)?
11
Let m(w) = -w - 5. Let p be m(-8). Suppose 0*i + 27 = p*i. List the prime factors of i.
3
Let y = 96 + -48. List the prime factors of y.
2, 3
Let u(r) = 11*r - 17. What are the prime factors of u(10)?
3, 31
Let h(x) = -x**3 - 9*x**2 + 10*x + 6. Let o be h(-10). Suppose z + z - 9 = y, -21 = y + z. List the prime factors of 1 - (y + -3 + o).
3, 5
Let x be (-292)/(-6) - 3/(-9). Let o = -35 + x. What are the prime factors of o?
2, 7
Suppose -3*j - 5*u + 105 = 0, 1 = j - u - 34. List the prime factors of j.
5, 7
Let l be 5*2*5/2. Suppose 85 = 3*v + l. Suppose 7*m = 3*m + v. List the prime factors of m.
5
Let p be (3 + (-6)/4)*-2. Let k(m) = -5*m - 3. What are the prime factors of k(p)?
2, 3
Let m(u) = -u**2 + 8*u - 3. Let x be m(4). Let c = x + -7. List the prime factors of c.
2, 3
Let k be (1 - -1) + 1 + 1. Suppose -k*i = v - 5, -v + 2*i - 1 = -0*v. Let a = v + 1. List the prime factors of a.
2
What are the prime factors of -30*((-16)/5 - 0)?
2, 3
Suppose 0 = -2*q + c + 8, 2 - 6 = -2*c. What are the prime factors of q?
5
Suppose 3*l - 4*l = -4. Let o(b) = -b**3 + 3*b**2 + 5*b - 6. Let m be o(l). List the prime factors of (23 + 4)*m/(-3).
2, 3
Let d(g) = -17*g + 8. Let v be d(4). Let i = v + 116. What are the prime factors of i?
2, 7
List the prime factors of 150 + 0 + -5 + 10.
5, 31
Let l(v) = -13*v - 4. Let u be l(-3). Suppose g - u = 6*g. Let q = 13 + g. List the prime factors of q.
2, 3
Let j(s) = -7*s + 2. List the prime factors of j(-3).
23
Let j = -3 - -11. Suppose 52 = 4*q + 5*r, 4 + j = -3*r. Suppose h - q = -h. List the prime factors of h.
3
Let v = 5 - -3. Suppose r + v = 2*r. List the prime factors of r.
2
Suppose r - 117 = 4*u, 7*u - 6 = 9*u. What are the prime factors of r?
3, 5, 7
Let p = 97 + -45. Let s = -36 + p. What are the prime factors of s?
2
Suppose w - 150 = -2*v, 2*w = 3*v - 119 - 113. List the prime factors of v.
2, 19
Let a(h) = h**2 - 4*h - 6. List the prime factors of a(-12).
2, 3, 31
Suppose 2*j + 3*a - 15 = 0, 2*j + 2*a - 10 = 6*j. Suppose j*p = -p - 4*q + 20, -2*p - 4*q + 32 = 0. List the prime factors of p.
2, 3
Let c = -91 + 136. Suppose 0*y - c = 3*y. Let s = -10 - y. What are the prime factors of s?
5
Let b(l) = -l**3 + l**2 - l - 3. Let d be b(3). Let h = 39 + d. List the prime factors of h.
3, 5
Suppose -21 = -p - 2*o, 4*p - 5*o = -4 + 36. Let z = p - -8. What are the prime factors of z?
3, 7
List the prime factors of (80 - 4/2)/2.
3, 13
Let n = -2 + 3. List the prime factors of (-3)/(9/(-6))*n.
2
List the prime factors of -2 + (-11)/(22/(-324)) - -3.
163
Let d be 12/(-30) - 12/(-5). Suppose -5*w = 2*h - 6, -1 = d*w + h - 3. Suppose w*z - 26 = -0*z. List the prime factors of z.
13
Suppose -20 = 2*y - 54. List the prime factors of y.
17
Suppose -q - 3*f = 1, 0 = -f + 2*f. Let j be q + 1 - (-8 + 3). Suppose 2*r - 5*z = 14, 0 = -0*r - 3*r - j*z - 4. List the prime factors of r.
2
Let x(i) = i**3 + i**2 + i + 3. Let o be x(0). Let l = -1 - -1. Suppose l*d - 36 = -o*d. What are the prime factors of d?
2, 3
Let f(w) = -w**2 - 19*w + 23. List the prime factors of f(-15).
83
Suppose 6 = -3*f, 2*f = -3*n - 0*n - 10. List the prime factors of (2/3)/(n/(-66)).
2, 11
Suppose -2*t - 26 = -4*p, 0 = -2*p + 5*t - 2*t + 3. List the prime factors of p.
3
Suppose -4*b = -80 - 56. List the prime factors of b.
2, 17
Let w(a) = -a + 9. Let l be w(4). Suppose l*b = -5, -17 = -g + 2*b + 3*b. List the prime factors of g.
2, 3
Suppose 4*s - 5*s = -4. Suppose w + 3*w - u = 11, -3*w + s*u - 8 = 0. What are the prime factors of w?
2
Suppose -275 = 3*r + 2*r. Let v = r - -105. What are the prime factors of v?
2, 5
What are the prime factors of 64 + (-4 - 0) + 1?
61
Let f = 8 + -3. Suppose f = c - 10. List the prime factors of c.
3, 5
Suppose 2*u = 2*l + 82, -6*l = 5*u - 2*l - 187. List the prime factors of u.
3, 13
Let q(w) = w - 10. Let j be q(9). Let b(d) = -3*d**3 + 2*d**2 + d. Let h(m) = -m**2 - 1. Let y(g) = j*b(g) - h(g). What are the prime factors of y(1)?
2
Let s(i) be the first derivative of -i**4/4 - i**3 - i**2/2 - 4*i - 1. Let x be s(-3). Let c = x - -6. What are the prime factors of c?
5
Suppose 3*u - 113 = -3*g - 2*u, 2*u - 201 = -5*g. What are the prime factors of g?
41
Suppose -5*a - 2*r + 1414 = 0, 4*a - 1127 = -r - 2*r. What are the prime factors of a?
2, 71
Suppose 10 = 2*d + 3*d - 4*s, 3*d + 3*s + 21 = 0. List the prime factors of -2 - (2 - d)*-1.
2
What are the prime factors of ((-6)/(-8))/((-6)/(-288))?
2, 3
Let s(f) = -7*f**3 - 4 + 2*f**3 + f + f + 4*f**2 + 4*f**3. What are the prime factors of s(3)?
11
Let v = 146 - -45. List the prime factors of v.
191
Let p(j) = j**3 - 8*j**2 - j + 8. Let u be p(8). Suppose u = 3*n - 65 + 11. What are the prime factors of n?
2, 3
Let r be 51/12 + 1/(-4). Suppose 3*o - 5*a - 51 = 54, -77 = -2*o + a. Suppose -r*v - v = -o. List the prime factors of v.
2
Suppose 7 = -p + 5*h + 2, -2*p = -2*h + 2. Suppose -c + 4*c - 21 = p. Suppose 0 = -c*g + 3*g + 32. What are the prime factors of g?
2
Let l = 10 + -9. Suppose -d - l = z - 6*z, 8 = 2*d - 5*z. List the prime factors of d.
3
Suppose 188 = 9*z - 415. What are the prime factors of z?
67
Suppose 0 = -3*o - 12, 2*o = -3*s - s + 568. List the prime factors of s.
2, 3
Suppose -4*o + u + 195 = 0, 5*u = 5*o - 167 - 58. What are the prime factors of o?
2, 5
Let d(l) = l**3 - 12*l**2 + 4*l - 18. What are the prime factors of d(12)?
2, 3, 5
Suppose -r + 4*v = -75, -r + 3*r - 185 = v. What are the prime factors of r?
5, 19
Let d(x) = -x + 16. Let b be d(10). List the prime factors of (-652)/(-18) + b/(-27).
2, 3
Let x(j) = 6 - 13 - 5 - 7 - 4*j. List the prime factors of x(-8).
13
Suppose -13 = -2*h + 3*h. Let s(c) = -c**3 - 14*c**2 - 15*c - 13. What are the prime factors of s(h)?
13
List the prime factors of 3/6 + 0 + (-181)/(-2).
7, 13
Let n = -247 - -462. What are the prime factors of n?
5, 43
Suppose 38 = -4*l - 2*s, -l - 4*s = -3*s + 7. Let z = l + 22. List the prime factors of